by 44814?
84
Calculate the remainder when 10055938 is divided by 368.
338
Calculate the remainder when 4929 is divided by 236.
209
What is the remainder when 4451494 is divided by 755?
14
Calculate the remainder when 35374001 is divided by 8843499.
5
What is the remainder when 310003 is divided by 34444?
7
Calculate the remainder when 3344519 is divided by 405.
29
Calculate the remainder when 242696 is divided by 9.
2
Calculate the remainder when 1240119 is divided by 1692.
1575
What is the remainder when 20560777 is divided by 890?
887
Calculate the remainder when 23029 is divided by 1769.
32
Calculate the remainder when 5043396 is divided by 5043388.
8
What is the remainder when 694823 is divided by 99232?
199
Calculate the remainder when 729616159 is divided by 52.
51
Calculate the remainder when 2325498 is divided by 23485.
483
Calculate the remainder when 47551994 is divided by 1463.
105
What is the remainder when 948559 is divided by 4071?
16
What is the remainder when 668998 is divided by 5310?
5248
What is the remainder when 10303 is divided by 422?
175
What is the remainder when 1070814 is divided by 91?
17
Calculate the remainder when 110089 is divided by 93.
70
What is the remainder when 448230 is divided by 111908?
598
Calculate the remainder when 79495 is divided by 622.
501
Calculate the remainder when 2639424 is divided by 879800.
24
What is the remainder when 744815 is divided by 53170?
435
Calculate the remainder when 2025982 is divided by 75032.
118
Calculate the remainder when 1090219 is divided by 4130.
4029
What is the remainder when 39708 is divided by 382?
362
Calculate the remainder when 87403 is divided by 781.
712
Calculate the remainder when 385121 is divided by 94.
3
Calculate the remainder when 43417781 is divided by 243.
242
What is the remainder when 270987 is divided by 90315?
42
What is the remainder when 4376049 is divided by 171?
159
Calculate the remainder when 822783 is divided by 3546.
111
What is the remainder when 75223 is divided by 10484?
1835
Calculate the remainder when 23214 is divided by 11542.
130
What is the remainder when 1475686 is divided by 169?
147
Calculate the remainder when 23230 is divided by 7021.
2167
What is the remainder when 525952 is divided by 75108?
196
Calculate the remainder when 3344282 is divided by 6.
2
Calculate the remainder when 4010806715 is divided by 14.
13
Calculate the remainder when 23023605 is divided by 7.
3
Calculate the remainder when 20731862 is divided by 119.
39
What is the remainder when 9617103 is divided by 4808541?
21
What is the remainder when 2330622 is divided by 166473?
0
What is the remainder when 557268 is divided by 488?
460
Calculate the remainder when 8624265 is divided by 2156063.
13
What is the remainder when 2193567 is divided by 2627?
22
Calculate the remainder when 4265258 is divided by 2132579.
100
What is the remainder when 3921679 is divided by 130?
99
What is the remainder when 194044 is divided by 64668?
40
What is the remainder when 3799290 is divided by 53?
38
Calculate the remainder when 1925686 is divided by 192542.
266
Calculate the remainder when 17702436 is divided by 462.
444
Calculate the remainder when 23222 is divided by 1073.
689
What is the remainder when 4241594 is divided by 50?
44
What is the remainder when 234397 is divided by 2759?
2641
What is the remainder when 4984715 is divided by 77886?
11
Calculate the remainder when 290749 is divided by 454.
189
Calculate the remainder when 14482006 is divided by 72.
70
Calculate the remainder when 121625 is divided by 120757.
868
Calculate the remainder when 411877 is divided by 2764.
41
What is the remainder when 6107306 is divided by 39?
23
Calculate the remainder when 14358624 is divided by 522.
492
Calculate the remainder when 43900296 is divided by 10658.
10652
Calculate the remainder when 247651 is divided by 988.
651
What is the remainder when 5220530 is divided by 6305?
6295
What is the remainder when 6656356 is divided by 2218785?
1
What is the remainder when 260335 is divided by 13691?
206
What is the remainder when 5238555 is divided by 366?
363
Calculate the remainder when 158619 is divided by 17273.
3162
What is the remainder when 467273 is divided by 47?
46
What is the remainder when 177969 is divided by 1167?
585
What is the remainder when 1844958 is divided by 48?
30
Calculate the remainder when 20675591 is divided by 90.
71
Calculate the remainder when 637368 is divided by 647.
73
What is the remainder when 3818002 is divided by 103?
101
Calculate the remainder when 34285045 is divided by 568.
565
Calculate the remainder when 5657437 is divided by 3937.
3905
What is the remainder when 201514586 is divided by 340?
326
Calculate the remainder when 295883 is divided by 279.
143
Calculate the remainder when 247189827 is divided by 3449.
3446
Calculate the remainder when 88605600 is divided by 3284.
3280
What is the remainder when 1442142 is divided by 96141?
27
Calculate the remainder when 8886 is divided by 2121.
402
What is the remainder when 147352749 is divided by 1551?
1545
What is the remainder when 481948 is divided by 160531?
355
What is the remainder when 46757137 is divided by 423?
409
Calculate the remainder when 70941 is divided by 22155.
4476
What is the remainder when 61462 is divided by 30706?
50
What is the remainder when 13994634 is divided by 5115?
5109
Calculate the remainder when 6630532 is divided by 213888.
4
What is the remainder when 484859 is divided by 1757?
1684
Calculate the remainder when 323139 is divided by 6521.
3610
Calculate the remainder when 591051 is divided by 1897.
1084
What is the remainder when 3816747 is divided by 250?
247
What is the remainder when 9610 is divided by 3822?
1966
What is the remainder when 4639014 is divided by 103089?
9
What is the remainder when 464283 is divided by 51586?
9
Calculate the remainder when 212742 is divided by 8251.
6467
Calculate the remainder when 31690 is divided by 34.
2
What is the remainder when 331666 is divided by 2228?
1922
Calculate the remainder when 316344 is divided by 31623.
114
Calculate the remainder when 3289856 is divided by 882.
878
What is the remainder when 2081281 is divided by 14?
13
What is the remainder when 30159 is divided by 30034?
125
What is the remainder when 260023227 is divided by 415?
412
What is the remainder when 2689985 is divided by 76?
41
What is the remainder when 36266 is divided by 3788?
2174
What is the remainder when 51491789 is divided by 176?
173
What is the remainder when 48633 is divided by 193?
190
What is the remainder when 369550 is divided by 7697?
94
Calculate the remainder when 28199581 is divided by 6727.
6724
What is the remainder when 13945354 is divided by 78787?
55
What is the remainder when 5620945 is divided by 398?
389
What is the remainder when 60286 is divided by 7243?
2342
Calculate the remainder when 61051131 is divided by 1972.
1955
Calculate the remainder when 13532286 is divided by 77.
75
Calculate the remainder when 43021736 is divided by 4651.
4637
What is the remainder when 358589 is divided by 2241?
29
What is the remainder when 685421 is divided by 34266?
101
What is the remainder when 15509003 is divided by 77545?
3
Calculate the remainder when 3067059 is divided by 511148.
171
What is the remainder when 3192146 is divided by 10?
6
What is the remainder when 209802655 is divided by 3449?
3434
What is the remainder when 374280 is divided by 3704?
176
Calculate the remainder when 2489123 is divided by 20742.
83
What is the remainder when 280487 is divided by 588?
11
Calculate the remainder when 67145153 is divided by 11190857.
11
What is the remainder when 2822246 is divided by 940748?
2
Calculate the remainder when 33479640 is divided by 44.
40
What is the remainder when 45684755 is divided by 309?
32
Calculate the remainder when 11993870 is divided by 8148.
14
What is the remainder when 20578 is divided by 990?
778
Calculate the remainder when 63742 is divided by 1256.
942
Calculate the remainder when 3682822 is divided by 135.
22
What is the remainder when 37497 is divided by 3172?
2605
What is the remainder when 1944709 is divided by 102350?
59
Calculate the remainder when 3819500 is divided by 2981.
839
What i